{"id":2501,"date":"2019-05-11T15:14:43","date_gmt":"2019-05-11T13:14:43","guid":{"rendered":"http:\/\/cebi-es.com\/web\/?post_type=product&#038;p=2501"},"modified":"2020-03-29T15:34:37","modified_gmt":"2020-03-29T13:34:37","slug":"nuevo-socio","status":"publish","type":"product","link":"http:\/\/cebi-es.com\/web\/product\/nuevo-socio\/","title":{"rendered":"Nuevo Socio"},"content":{"rendered":"<div class=\"wpb_text_column wpb_content_element \">\n<div class=\"wpb_wrapper\">\n<div id=\"wb_Text1\">\n<p>Para asociarte al Club Espa\u00f1ol del Bulldog Ingl\u00e9s, debes hacer una transferencia al n\u00famero de cuenta o ingreso por Paypal o Tarjeta.<\/p>\n<p>IBAN:\u00a0ES63 2100 2428 5702 0013 9219.<\/p>\n<p>&nbsp;<\/p>\n<p>(30\u20ac Socio Unitario, 40\u20ac Socios Familiares) y enviar un email a la siguiente direcci\u00f3n: presidentacebi@gmail.com con el justificante de pago, y los siguientes datos*:<\/p>\n<p>&nbsp;<\/p>\n<\/div>\n<\/div>\n<\/div>\n","protected":false},"excerpt":{"rendered":"<p>Para asociarte al Club Espa\u00f1ol del Bulldog Ingl\u00e9s, debes hacer una transferencia al n\u00famero de cuenta o ingreso por Paypal o Tarjeta. IBAN:\u00a0ES63 2100 2428 5702 0013 9219. &nbsp; (30\u20ac Socio Unitario, 40\u20ac Socios Familiares) y enviar un email a<span class=\"read_more_area\"><a class=\"read-more\" href=\"http:\/\/cebi-es.com\/web\/product\/nuevo-socio\/\"> Continue Reading <\/a><\/span><\/p>\n","protected":false},"featured_media":2509,"comment_status":"closed","ping_status":"closed","template":"","meta":[],"_links":{"self":[{"href":"http:\/\/cebi-es.com\/web\/wp-json\/wp\/v2\/product\/2501"}],"collection":[{"href":"http:\/\/cebi-es.com\/web\/wp-json\/wp\/v2\/product"}],"about":[{"href":"http:\/\/cebi-es.com\/web\/wp-json\/wp\/v2\/types\/product"}],"replies":[{"embeddable":true,"href":"http:\/\/cebi-es.com\/web\/wp-json\/wp\/v2\/comments?post=2501"}],"wp:featuredmedia":[{"embeddable":true,"href":"http:\/\/cebi-es.com\/web\/wp-json\/wp\/v2\/media\/2509"}],"wp:attachment":[{"href":"http:\/\/cebi-es.com\/web\/wp-json\/wp\/v2\/media?parent=2501"}],"curies":[{"name":"wp","href":"https:\/\/api.w.org\/{rel}","templated":true}]}}