{"id":3,"date":"2019-05-03T18:46:31","date_gmt":"2019-05-03T16:46:31","guid":{"rendered":"http:\/\/cebi-es.com\/web\/?page_id=3"},"modified":"2020-03-29T15:33:14","modified_gmt":"2020-03-29T13:33:14","slug":"politica-privacidad","status":"publish","type":"page","link":"http:\/\/cebi-es.com\/web\/politica-privacidad\/","title":{"rendered":"Pol\u00edtica de privacidad"},"content":{"rendered":"<div data-row-text-color=\"dark\" style=\" \" class=\"vc_row wpb_row zolo_wpb_row vc_row-fluid apress_row_class_100661606869db41e7805b9\"><div class=\"wpb_column vc_column_container vc_col-sm-12 apress_col_id_17291458869db41e780d30 hover_style_none\"><div class=\"layer vc_column-inner \"  ><div class=\"wpb_wrapper\">\n\t<div class=\"wpb_text_column wpb_content_element \" >\n\t\t<div class=\"wpb_wrapper\">\n\t\t\t<p>ADVERTENCIA LEGAL <\/p>\n<p><span id=\"_SE_FLD\"><strong>Condiciones:<\/strong>\u00a0\u00a0 CEBI Club Espa\u00f1ol del Bulldog Ingl\u00e9s, es la propietaria de esta p\u00e1gina web y de todos los contenidos de la misma, salvo indicaci\u00f3n expresa de lo contrario.\u00a0<\/p>\n<p><\/span>El acceder y utilizar esta p\u00e1gina, implica que est\u00e1 de acuerdo con los t\u00e9rminos y condiciones detallados a continuaci\u00f3n.\u00a0\u00a0 Debe apercibirse de que <span id=\"_SE_FLD\">CEBI Club Espa\u00f1ol del Bulldog Ingl\u00e9s<\/span> puede cambiar los t\u00e9rminos y condiciones en cualquier momento a su propio y \u00fanico criterio.\u00a0\u00a0 Por lo tanto, <span id=\"_SE_FLD\">CEBI<\/span> le recomienda examinarlos regularmente. <span id=\"_SE_FLD\"> <\/span><\/p>\n<p>La \u00faltima modificaci\u00f3n a estos t\u00e9rminos y condiciones se produjo el 01\/08\/2019.<\/p>\n<p>\u00a0Si cualquiera de estos t\u00e9rminos no se encuentra de acuerdo con la legislaci\u00f3n vigente, o es invalidado o anulado, la validez y la obligatoriedad del resto de las condiciones no se ver\u00e1n afectadas o perjudicadas en modo alguno.<\/p>\n<p><strong>Utilizaci\u00f3n<\/strong><\/p>\n<p>Los contenidos de esta p\u00e1gina web s\u00f3lo pueden ser utilizados con fines de informaci\u00f3n personal.\u00a0\u00a0 Esto significa que usted puede ver, imprimir y distribuir cualquier documento publicado aqu\u00ed por <span id=\"_SE_FLD\">CEBI Club Espa\u00f1ol del Bulldog Ingl\u00e9s<\/span>, siempre que no sea con fines de comercializar su contenido como tal, que se haga referencia a CEBI en relaci\u00f3n con la distribuci\u00f3n de documentos y que todos los Copyright y otras noticias propiedad de CEBI contenidas en la p\u00e1gina sean reservadas.<\/p>\n<p>Ning\u00fan contenido de esta p\u00e1gina puede ser modificado, transmitido, reproducido, publicado, cedido, transferido o vendido sin previo consentimiento por escrito de <span id=\"_SE_FLD\">CEBI Club Espa\u00f1ol del Bulldog Ingl\u00e9s<\/span>. \u00a0<\/p>\n<p><strong>Marcas comerciales y Copyright<\/strong><\/p>\n<p>Todos los nombres comerciales, marcas, logotipos, textos, im\u00e1genes y software que aparecen en esta p\u00e1gina son, salvo indicaci\u00f3n contraria, propiedad de <span id=\"_SE_FLD\">CEBI Club Espa\u00f1ol del Bulldog Ingl\u00e9s<\/span> o sus subsidiarias y est\u00e1n protegidas por las leyes de Derechos de la Propiedad Intelectual. Se proh\u00edbe todo uso de marcas, logotipos, textos, im\u00e1genes y software, salvo previa autorizaci\u00f3n, seg\u00fan lo expuesto anteriormente.\u00a0<\/p>\n<p>El uso o distribuci\u00f3n no autorizados de cualquier material de esta p\u00e1gina estar\u00e1n sujetos a sanciones en aplicaci\u00f3n de las leyes civil y criminal.\u00a0 <span id=\"_SE_FLD\">CEBI Club Espa\u00f1ol del Bulldog Ingl\u00e9s<\/span> har\u00e1 uso de sus Derechos de Propiedad Intelectual en toda su capacidad.<\/p>\n<p><strong>Pol\u00edtica de Informaci\u00f3n<\/strong><\/p>\n<p>La informaci\u00f3n de este servidor es proporcionada \u201ctal cual\u201d, es decir, sin ninguna clase de garant\u00eda, expresa o impl\u00edcita, incluida pero no limitada a las garant\u00edas mercantiles, dirigida a un prop\u00f3sito concreto y sin \u00e1nimo de infracci\u00f3n. <span id=\"_SE_FLD\">CEBI Club Espa\u00f1ol del Bulldog Ingl\u00e9s<\/span> no garantiza la exactitud y totalidad de la informaci\u00f3n de esta p\u00e1gina web.<\/p>\n<p><span id=\"_SE_FLD\">CEBI Club Espa\u00f1ol del Bulldog Ingl\u00e9s<\/span> no se compromete a actualizar la informaci\u00f3n o contenidos de esta p\u00e1gina web.\u00a0\u00a0 Pueden efectuarse cambios a la informaci\u00f3n en cualquier momento y sin previo aviso, que ser\u00e1n incorporados en nuevas ediciones de esta p\u00e1gina.<\/p>\n<p><span id=\"_SE_FLD\">CEBI Club Espa\u00f1ol del Bulldog Ingl\u00e9s<\/span> no ser\u00e1 responsable, en ning\u00fan caso, de da\u00f1os directos o indirectos, penales, incidentales, especiales, resultantes u otros da\u00f1os que surgieran en conexi\u00f3n con la utilizaci\u00f3n o mal uso de esta p\u00e1gina o su contenido, bien basados en contrato, agravio, responsabilidad legal o de otra clase, incluso cuando se advierta de la posibilidad de cualquiera de tales da\u00f1os.<\/p>\n<p>La informaci\u00f3n y datos contenidos en el web-site se refieren \u00fanicamente al \u00e1mbito geogr\u00e1fico de Espa\u00f1a.<\/p>\n<p><strong>Otras p\u00e1ginas<\/strong><\/p>\n<p>Esta p\u00e1gina puede contener enlaces a p\u00e1ginas propiedad de terceros, debido a la consideraci\u00f3n de que se trata de un tema relacionado con <span id=\"_SE_FLD\">CEBI Club Espa\u00f1ol del Bulldog Ingl\u00e9s<\/span> y aceptado como tal voluntariamente por el referenciado.\u00a0\u00a0 No obstante, si usted considera que su p\u00e1gina web no debe ser accesible de esta forma, por favor, inf\u00f3rmenos de ello.<\/p>\n<p><span id=\"_SE_FLD\">CEBI Club Espa\u00f1ol del Bulldog Ingl\u00e9s<\/span> no se responsabiliza de los contenidos ni de cualquier otro tema relacionado con dichas web-sites. <span id=\"_SE_FLD\">CEBI Club Espa\u00f1ol del Bulldog Ingl\u00e9s<\/span> cumple con las leyes nacionales para la protecci\u00f3n de datos que controlan el uso y obtenci\u00f3n de datos.\u00a0\u00a0 Su nombre, direcciones e-mail y postal no ser\u00e1n proporcionadas a terceros.<\/p>\n<p>Ning\u00fan dato ser\u00e1 vendido o compartido con terceros.<\/p>\n<p><strong>Contacto<\/strong><\/p>\n<p>Si desea hacernos alguna pregunta en relaci\u00f3n con las condiciones o con la pol\u00edtica de privacidad en particular, por favor no dude en contactar con nosotros en secretariocebi@gmail.com<\/p>\n<p><strong>Ley de Servicios de la Sociedad de la Informaci\u00f3n (LSSI).<\/strong>\u00a0\u00a0<\/p>\n<p><strong>Email: <\/strong>secretariocebi@gmail.com<\/p>\n<p>&nbsp;<\/p>\n<p><span class=\"negrita\">Cl\u00e1usula de Privacidad y Protecci\u00f3n de datos personales<\/span><\/p>\n<p>A los efectos de lo dispuesto en la Ley Org\u00e1nica 15\/1999, de 13 de Diciembre, de Protecci\u00f3n de Datos de Car\u00e1cter Personal, as\u00ed como en el R.D. 1720\/2007 de 21 de diciembre por el que se aprueba el reglamento que desarrolla la L.O. 15\/1999, <span id=\"_SE_FLD\">CEBI Club Espa\u00f1ol del Bulldog Ingl\u00e9s<\/span> le informa de la existencia de un fichero de datos de car\u00e1cter personal creado por y bajo la responsabilidad de <span id=\"_SE_FLD\">CEBI Club Espa\u00f1ol del Bulldog Ingl\u00e9s<\/span> con los datos obtenidos a trav\u00e9s de los eventos organizados y nuevos socios.<\/p>\n<p>La finalidad de dicho fichero es informarte sobre los diferentes servicios que ofrecemos, as\u00ed como el env\u00edo informaci\u00f3n y publicidad que pueda ser de su inter\u00e9s a trav\u00e9s de cualquier medio, incluyendo el env\u00edo de email y correo postal. Si no deseas recibir publicidad, s\u00f3lo tienes que enviarnos un correo electr\u00f3nico a secretariocebi@gmail.com, indicando tu nombre y apellidos.<\/p>\n<p>En cumplimiento de lo dispuesto en la Ley Org\u00e1nica 15\/1999 de 13 de Diciembre, los clientes de <span id=\"_SE_FLD\">CEBI Club Espa\u00f1ol del Bulldog Ingl\u00e9s<\/span>, en todo momento, ejercitar los derechos de acceso, rectificaci\u00f3n, cancelaci\u00f3n y oposici\u00f3n sobre sus datos personales comunic\u00e1ndolo por escrito a: <span id=\"_SE_FLD\">CEBI Club Espa\u00f1ol del Bulldog Ingl\u00e9s<\/span>; o bien mediante correo electr\u00f3nico a secretariocebi@gmail.com donde se indicar\u00e1 el nombre y apellidos, adjuntando en ambos casos fotocopia del DNI del cliente.<\/p>\n<p>Tambi\u00e9n puede ejercitar estos derechos en los t\u00e9rminos que la normativa aplicable establece y que se pueden consultar en cebi-es.com <span id=\"_SE_FLD\">CEBI Club Espa\u00f1ol del Bulldog Ingl\u00e9s<\/span> se compromete en la utilizaci\u00f3n de los datos incluidos en el fichero, a respetar su confidencialidad y a utilizarlos de acuerdo con la finalidad del fichero, as\u00ed como a dar cumplimiento a su obligaci\u00f3n de guardarlos y adaptar todas las medidas de seguridad para evitar la alteraci\u00f3n, p\u00e9rdida, tratamiento o acceso no autorizado, de acuerdo con lo establecido en el Reglamento de Desarrollo de la Ley Org\u00e1nica 15\/1999, de 13 de diciembre, de protecci\u00f3n de datos de car\u00e1cter personal, aprobado por el Real Decreto 1720\/2007 de 21 de Diciembre.<\/p>\n<p>Nuestro servidor seguro garantiza la privacidad de los datos que nos transmite.<\/p>\n\n\t\t<\/div>\n\t<\/div>\n<\/div><\/div><\/div><\/div>\n","protected":false},"excerpt":{"rendered":"ADVERTENCIA LEGAL Condiciones:\u00a0\u00a0 CEBI Club Espa\u00f1ol del Bulldog Ingl\u00e9s, es la propietaria de esta p\u00e1gina web y de todos los contenidos de la misma, salvo indicaci\u00f3n expresa de lo contrario.\u00a0 El acceder y utilizar esta p\u00e1gina, implica que est\u00e1 de<span class=\"read_more_area\"><a class=\"read-more\" href=\"http:\/\/cebi-es.com\/web\/politica-privacidad\/\"> Continue Reading <\/a><\/span>","protected":false},"author":1,"featured_media":0,"parent":0,"menu_order":0,"comment_status":"closed","ping_status":"open","template":"","meta":[],"_links":{"self":[{"href":"http:\/\/cebi-es.com\/web\/wp-json\/wp\/v2\/pages\/3"}],"collection":[{"href":"http:\/\/cebi-es.com\/web\/wp-json\/wp\/v2\/pages"}],"about":[{"href":"http:\/\/cebi-es.com\/web\/wp-json\/wp\/v2\/types\/page"}],"author":[{"embeddable":true,"href":"http:\/\/cebi-es.com\/web\/wp-json\/wp\/v2\/users\/1"}],"replies":[{"embeddable":true,"href":"http:\/\/cebi-es.com\/web\/wp-json\/wp\/v2\/comments?post=3"}],"version-history":[{"count":1,"href":"http:\/\/cebi-es.com\/web\/wp-json\/wp\/v2\/pages\/3\/revisions"}],"predecessor-version":[{"id":2822,"href":"http:\/\/cebi-es.com\/web\/wp-json\/wp\/v2\/pages\/3\/revisions\/2822"}],"wp:attachment":[{"href":"http:\/\/cebi-es.com\/web\/wp-json\/wp\/v2\/media?parent=3"}],"curies":[{"name":"wp","href":"https:\/\/api.w.org\/{rel}","templated":true}]}}