{"id":1866,"date":"2019-05-05T21:08:47","date_gmt":"2019-05-05T19:08:47","guid":{"rendered":"http:\/\/cebi-es.com\/web\/?page_id=1866"},"modified":"2024-10-24T18:56:06","modified_gmt":"2024-10-24T16:56:06","slug":"resultados-monograficas","status":"publish","type":"page","link":"http:\/\/cebi-es.com\/web\/resultados-monograficas\/","title":{"rendered":"Resultados Monogr\u00e1ficas"},"content":{"rendered":"<div data-row-text-color=\"dark\" style=\" \" class=\"vc_row wpb_row zolo_wpb_row vc_row-fluid apress_row_class_99799174369e45ad753052\"><div class=\"wpb_column vc_column_container vc_col-sm-12 apress_col_id_23366854969e45ad753688 hover_style_none\"><div class=\"layer vc_column-inner \"  ><div class=\"wpb_wrapper\"><div id=\"zolo_sep_155532866869e45ad753852\" class=\"vc_separator wpb_content_element vc_separator_align_center vc_sep_width_70 vc_sep_border vc_sep_border_width_2 vc_sep_pos_align_center noanimation\" data-animation = \"No Animation\" data-delay = \"500\" ><span class=\"vc_sep_holder vc_sep_holder_l\"><span style=\"border-color:#701f6e\" class=\"vc_sep_line\"><\/span><\/span><h2 class=\"zolo-separator-title \" style=\"font-family:Arbutus Slab; font-weight:400; font-style:normal; font-size: 25px; color:#701f6e; letter-spacing: 2px; font-style:italic; font-weight:bold; \">Resultados Monogr\u00e1ficas Nacionales<\/h2><span class=\"vc_sep_holder vc_sep_holder_r\"><span style=\"border-color:#701f6e\" class=\"vc_sep_line\"><\/span><\/span>\r\n<\/div><\/div><\/div><\/div><\/div><div data-row-text-color=\"dark\" data-vc-full-width=\"true\" data-vc-full-width-init=\"false\" style=\" \" class=\"vc_row wpb_row zolo_wpb_row vc_row-fluid apress_row_class_129175015069e45ad75485e\"><div class=\"wpb_column vc_column_container vc_col-sm-12 apress_col_id_177061713969e45ad754aa6 hover_style_none\"><div class=\"layer vc_column-inner \"  ><div class=\"wpb_wrapper\">\t\t<script type=\"text\/javascript\" charset=\"utf-8\">\r\n\t\t\tjQuery.noConflict();\r\n\t\t\tvar j$ = jQuery;\r\n\t\t\t\"use strict\";\r\n\t\t\tj$(window).load(function() {\r\n\t\t\tvar $container = j$(\".site-content.88y233zbaoiebwakg5gllayoutstyle_normal\");\t\r\n\t\t\tvar $grid = $container.imagesLoaded( function() {\r\n\t\t\t\t\t\/\/ init Isotope\r\n\t\t\t\t\t$container.isotope({\r\n\t\t\t\t\t\/\/ options\r\n\t\t\t\t\t\titemSelector : '.grid-item',\r\n\t\t\t\t\t\tlayoutMode : 'fitRows'\r\n\t\t\t\t\t})\r\n\t\t\t\t});\r\n\t\t\t\t\/\/ filter functions\r\n\t\t\t\t  var filterFns = {\r\n\t\t\t\t\t\/\/ show if number is greater than 50\r\n\t\t\t\t\tnumberGreaterThan50: function() {\r\n\t\t\t\t\t  var number = j$(this).find('.number').text();\r\n\t\t\t\t\t  return parseInt( number, 10 ) > 50;\r\n\t\t\t\t\t},\r\n\t\t\t\t\t\/\/ show if name ends with -ium\r\n\t\t\t\t\tium: function() {\r\n\t\t\t\t\t  var name = j$(this).find('.name').text();\r\n\t\t\t\t\t  return name.match( \/ium$\/ );\r\n\t\t\t\t\t}\r\n\t\t\t\t  };\r\n\t\t\t\t  \/\/ bind filter button click\r\n\t\t\t\t  j$('.postfilter-88y233zbaoiebwakg5gl').on( 'click', 'button', function() {\r\n\t\t\t\t\tvar filterValue = j$( this ).attr('data-filter');\r\n\t\t\t\t\t\/\/ use filterFn if matches value\r\n\t\t\t\t\tfilterValue = filterFns[ filterValue ] || filterValue;\r\n\t\t\t\t\t$grid.isotope({ filter: filterValue });\r\n\t\t\t\t  });\r\n\t\t\t\t  \/\/ change is-checked class on buttons\r\n\t\t\t\t  j$('.postfilter-88y233zbaoiebwakg5gl').each( function( i, buttonGroup ) {\r\n\t\t\t\t\tvar $buttonGroup = j$( buttonGroup );\r\n\t\t\t\t\t$buttonGroup.on( 'click', 'button', function() {\r\n\t\t\t\t\t  $buttonGroup.find('.is-checked').removeClass('is-checked');\r\n\t\t\t\t\t  j$( this ).addClass('is-checked');\r\n\t\t\t\t\t});\r\n\t\t\t\t  });\t\t\t\t\r\n\t\t\t});\r\n\t\t<\/script>\r\n\t\t\t\t\r\n\t\t<!--Blog Row Start-->\r\n\t\t\r\n\t\t<div class=\"zolo_blog_area  zoloblogstyleacp_58145898169e45ad755054 zolo_blog_style6 zolo_blog_horizontal none \">\r\n\t\t\t\t\t\t  <div class=\"zolo_blog_row\" style=\"margin:0px -15px 0 -15px;\">\r\n\t\t\t\t\t\t\t\t\t<div class=\"zolo_row site-content 88y233zbaoiebwakg5gllayoutstyle_normal\">\r\n\t\t\t  \t\t\t  \t\t\t  \t\t\t  \t\t\t  \t\t\t  \t\t\t  \t\t\t  \r\n\t\t\t  <!--Blog Box Area Start-->\r\n\t\t\t  <div class=\"zolo_blog_col zolo_blog_col2  grid-item  animated hiding\" style=\"padding:15px 15px 15px 15px;\" data-animation=\"fadeIn\" data-delay=\"100\">\r\n\t\t\t\t<div class=\"zolo_blog_box\"> <span class=\"zolo_blog_horizontal_box\">\r\n\t\t\t\t  <div class=\"zolo_blog_thumb\"> <a href=\"http:\/\/cebi-es.com\/web\/monografica-nacional-2024-peguerinos-avila\/\">\r\n\t\t\t\t\t<img width=\"700\" height=\"737\" src=\"http:\/\/cebi-es.com\/web\/wp-content\/uploads\/2024\/03\/Cartel_Nacional_2024-700x737.jpg\" class=\"attachment-apcore_blogstyle_thumb size-apcore_blogstyle_thumb wp-post-image\" alt=\"\" loading=\"lazy\" srcset=\"http:\/\/cebi-es.com\/web\/wp-content\/uploads\/2024\/03\/Cartel_Nacional_2024-700x737.jpg 700w, http:\/\/cebi-es.com\/web\/wp-content\/uploads\/2024\/03\/Cartel_Nacional_2024-10x12.jpg 10w\" sizes=\"(max-width: 700px) 100vw, 700px\" \/>\t\t\t\t\t<\/a>\r\n\t\t\t\t\t\t\t\t\t  <\/div>\r\n\t\t\t\t  <div class=\"zolo_blog_detail\" style=\"border-color:#e6e6e6;\">\r\n\t\t\t\t\t\t\t\t\t\t\t\t\t\t\t<div class=\"zolo_blog_description\" style=\"color:#777777; border-color:#e6e6e6; background:#f9f9f9;\">\r\n\t\t\t\t\t  \t\t\t\t\t  <h2 class=\"zolo_blog_title entry-title\" style=\"\"> <a href=\"http:\/\/cebi-es.com\/web\/monografica-nacional-2024-peguerinos-avila\/\" style=\"color:#777777;\">\r\n\t\t\t\t\t\tXXI Monogr\u00e1fica Nacional 2024\t\t\t\t\t\t<\/a> <\/h2>\r\n\t\t\t\t\t  \t\t\t\t\t  \t\t\t\t\t  \t\t\t\t\t<\/div>\r\n\t\t\t\t\t\t\t\t\t\t<span class=\"zolo_blog_meta\" style=\"color:#777777;\"> <span style=\"color:#016797;\">\r\n\t\t\t\t\t24 Oct 2024\t\t\t\t\t<\/span>&nbsp; \/ &nbsp;<span class=\"add-comment\"><a href=\"http:\/\/cebi-es.com\/web\/monografica-nacional-2024-peguerinos-avila\/#hello\" style=\"color:#016797;\">\r\n\t\t\t\t\t0 Comment\t\t\t\t\t<\/a><\/span>&nbsp; \/ &nbsp;\r\n\t\t\t\t\t\t<span class=\"zilla_likes_box1\"> <a href=\"#\" class=\"zilla-likes\" id=\"zilla-likes-4278\" title=\"Like this\"><i class=\"fa fa-heart-o\"><\/i> <span class=\"zilla-likes-count\">6<\/span> <span class=\"zilla-likes-postfix\"><\/span><\/a>&nbsp; \/ &nbsp;<\/span>\t\t\t\t\t<a href=\"http:\/\/cebi-es.com\/web\/monografica-nacional-2024-peguerinos-avila\/\" style=\"color:#016797;\">Read More<\/a> <\/span>\r\n\t\t\t\t\t\t\t\t\t  <\/div>\r\n\t\t\t\t  <\/span> <\/div>\r\n\t\t\t  <\/div>\r\n\t\t\t  <!--Blog Box Area End-->\r\n\t\t\t  \r\n\t\t\t  \t\t\t  \t\t\t  \t\t\t  \t\t\t  \t\t\t  \t\t\t  \t\t\t  \t\t\t                \r\n\t\t\t  \t\t\t  \t\t\t  \t\t\t  \t\t\t  \t\t\t  \t\t\t  \r\n\t\t\t  <!--Blog Box Area Start-->\r\n\t\t\t  <div class=\"zolo_blog_col zolo_blog_col2  grid-item  animated hiding\" style=\"padding:15px 15px 15px 15px;\" data-animation=\"fadeIn\" data-delay=\"200\">\r\n\t\t\t\t<div class=\"zolo_blog_box\"> <span class=\"zolo_blog_horizontal_box\">\r\n\t\t\t\t  <div class=\"zolo_blog_thumb\"> <a href=\"http:\/\/cebi-es.com\/web\/monografica-nacional-2023-torrepacheco-murcia\/\">\r\n\t\t\t\t\t<img width=\"700\" height=\"737\" src=\"http:\/\/cebi-es.com\/web\/wp-content\/uploads\/2023\/09\/Cartel_Mono_Nacional_2023-700x737.jpg\" class=\"attachment-apcore_blogstyle_thumb size-apcore_blogstyle_thumb wp-post-image\" alt=\"\" loading=\"lazy\" \/>\t\t\t\t\t<\/a>\r\n\t\t\t\t\t\t\t\t\t  <\/div>\r\n\t\t\t\t  <div class=\"zolo_blog_detail\" style=\"border-color:#e6e6e6;\">\r\n\t\t\t\t\t\t\t\t\t\t\t\t\t\t\t<div class=\"zolo_blog_description\" style=\"color:#777777; border-color:#e6e6e6; background:#f9f9f9;\">\r\n\t\t\t\t\t  \t\t\t\t\t  <h2 class=\"zolo_blog_title entry-title\" style=\"\"> <a href=\"http:\/\/cebi-es.com\/web\/monografica-nacional-2023-torrepacheco-murcia\/\" style=\"color:#777777;\">\r\n\t\t\t\t\t\tXX Monogr\u00e1fica Nacional 2023 (Torrepacheco &#8211; Murcia)\t\t\t\t\t\t<\/a> <\/h2>\r\n\t\t\t\t\t  \t\t\t\t\t  \t\t\t\t\t  BIS: Ch. MajorBulldogs Lewy BOS: Dalvos Alkasar Penelopa MP1: Las Pedrizasbull Hyron MP2: Livibull Atenea MP1:\t\t\t\t\t<\/div>\r\n\t\t\t\t\t\t\t\t\t\t<span class=\"zolo_blog_meta\" style=\"color:#777777;\"> <span style=\"color:#016797;\">\r\n\t\t\t\t\t23 Oct 2024\t\t\t\t\t<\/span>&nbsp; \/ &nbsp;<span class=\"add-comment\"><a href=\"http:\/\/cebi-es.com\/web\/monografica-nacional-2023-torrepacheco-murcia\/#hello\" style=\"color:#016797;\">\r\n\t\t\t\t\t0 Comment\t\t\t\t\t<\/a><\/span>&nbsp; \/ &nbsp;\r\n\t\t\t\t\t\t<span class=\"zilla_likes_box1\"> <a href=\"#\" class=\"zilla-likes\" id=\"zilla-likes-4263\" title=\"Like this\"><i class=\"fa fa-heart-o\"><\/i> <span class=\"zilla-likes-count\">6<\/span> <span class=\"zilla-likes-postfix\"><\/span><\/a>&nbsp; \/ &nbsp;<\/span>\t\t\t\t\t<a href=\"http:\/\/cebi-es.com\/web\/monografica-nacional-2023-torrepacheco-murcia\/\" style=\"color:#016797;\">Read More<\/a> <\/span>\r\n\t\t\t\t\t\t\t\t\t  <\/div>\r\n\t\t\t\t  <\/span> <\/div>\r\n\t\t\t  <\/div>\r\n\t\t\t  <!--Blog Box Area End-->\r\n\t\t\t  \r\n\t\t\t  \t\t\t  \t\t\t  \t\t\t  \t\t\t  \t\t\t  \t\t\t  \t\t\t  \t\t\t                \r\n\t\t\t  \t\t\t  \t\t\t  \t\t\t  \t\t\t  \t\t\t  \t\t\t  \r\n\t\t\t  <!--Blog Box Area Start-->\r\n\t\t\t  <div class=\"zolo_blog_col zolo_blog_col2  grid-item  animated hiding\" style=\"padding:15px 15px 15px 15px;\" data-animation=\"fadeIn\" data-delay=\"300\">\r\n\t\t\t\t<div class=\"zolo_blog_box\"> <span class=\"zolo_blog_horizontal_box\">\r\n\t\t\t\t  <div class=\"zolo_blog_thumb\"> <a href=\"http:\/\/cebi-es.com\/web\/xix-monografica-nacional-valladolid-2022\/\">\r\n\t\t\t\t\t<img width=\"700\" height=\"737\" src=\"http:\/\/cebi-es.com\/web\/wp-content\/uploads\/2022\/02\/VALLADOLID-2022-jpgnuevo-heidi-700x737.jpg\" class=\"attachment-apcore_blogstyle_thumb size-apcore_blogstyle_thumb wp-post-image\" alt=\"\" loading=\"lazy\" \/>\t\t\t\t\t<\/a>\r\n\t\t\t\t\t\t\t\t\t  <\/div>\r\n\t\t\t\t  <div class=\"zolo_blog_detail\" style=\"border-color:#e6e6e6;\">\r\n\t\t\t\t\t\t\t\t\t\t\t\t\t\t\t<div class=\"zolo_blog_description\" style=\"color:#777777; border-color:#e6e6e6; background:#f9f9f9;\">\r\n\t\t\t\t\t  \t\t\t\t\t  <h2 class=\"zolo_blog_title entry-title\" style=\"\"> <a href=\"http:\/\/cebi-es.com\/web\/xix-monografica-nacional-valladolid-2022\/\" style=\"color:#777777;\">\r\n\t\t\t\t\t\tXIX MONOGR\u00c1FICA NACIONAL VALLADOLID 2022\t\t\t\t\t\t<\/a> <\/h2>\r\n\t\t\t\t\t  \t\t\t\t\t  \t\t\t\t\t  MUY CACHORROS MACHOS1\u00ba Will Be Bulls Star Wars MUY CACHORROS HEMBRAS1\u00ba Lluna de la Xixa2\u00ba The\t\t\t\t\t<\/div>\r\n\t\t\t\t\t\t\t\t\t\t<span class=\"zolo_blog_meta\" style=\"color:#777777;\"> <span style=\"color:#016797;\">\r\n\t\t\t\t\t20 Ago 2022\t\t\t\t\t<\/span>&nbsp; \/ &nbsp;<span class=\"add-comment\"><a href=\"http:\/\/cebi-es.com\/web\/xix-monografica-nacional-valladolid-2022\/#hello\" style=\"color:#016797;\">\r\n\t\t\t\t\t0 Comment\t\t\t\t\t<\/a><\/span>&nbsp; \/ &nbsp;\r\n\t\t\t\t\t\t<span class=\"zilla_likes_box1\"> <a href=\"#\" class=\"zilla-likes\" id=\"zilla-likes-4133\" title=\"Like this\"><i class=\"fa fa-heart-o\"><\/i> <span class=\"zilla-likes-count\">3<\/span> <span class=\"zilla-likes-postfix\"><\/span><\/a>&nbsp; \/ &nbsp;<\/span>\t\t\t\t\t<a href=\"http:\/\/cebi-es.com\/web\/xix-monografica-nacional-valladolid-2022\/\" style=\"color:#016797;\">Read More<\/a> <\/span>\r\n\t\t\t\t\t\t\t\t\t  <\/div>\r\n\t\t\t\t  <\/span> <\/div>\r\n\t\t\t  <\/div>\r\n\t\t\t  <!--Blog Box Area End-->\r\n\t\t\t  \r\n\t\t\t  \t\t\t  \t\t\t  \t\t\t  \t\t\t  \t\t\t  \t\t\t  \t\t\t  \t\t\t                \r\n\t\t\t  \t\t\t  \t\t\t  \t\t\t  \t\t\t  \t\t\t  \t\t\t  \r\n\t\t\t  <!--Blog Box Area Start-->\r\n\t\t\t  <div class=\"zolo_blog_col zolo_blog_col2 last grid-item  animated hiding\" style=\"padding:15px 15px 15px 15px;\" data-animation=\"fadeIn\" data-delay=\"400\">\r\n\t\t\t\t<div class=\"zolo_blog_box\"> <span class=\"zolo_blog_horizontal_box\">\r\n\t\t\t\t  <div class=\"zolo_blog_thumb\"> <a href=\"http:\/\/cebi-es.com\/web\/xxviii-monografica-nacional-valladolid-2021-2\/\">\r\n\t\t\t\t\t<img width=\"700\" height=\"737\" src=\"http:\/\/cebi-es.com\/web\/wp-content\/uploads\/2021\/08\/XXVIII-Monogr\u00e1ficaNacional-700x737.jpg\" class=\"attachment-apcore_blogstyle_thumb size-apcore_blogstyle_thumb wp-post-image\" alt=\"Cartel XXVIII - Monogr\u00e1fica Nacional CEBI\" loading=\"lazy\" \/>\t\t\t\t\t<\/a>\r\n\t\t\t\t\t\t\t\t\t  <\/div>\r\n\t\t\t\t  <div class=\"zolo_blog_detail\" style=\"border-color:#e6e6e6;\">\r\n\t\t\t\t\t\t\t\t\t\t\t\t\t\t\t<div class=\"zolo_blog_description\" style=\"color:#777777; border-color:#e6e6e6; background:#f9f9f9;\">\r\n\t\t\t\t\t  \t\t\t\t\t  <h2 class=\"zolo_blog_title entry-title\" style=\"\"> <a href=\"http:\/\/cebi-es.com\/web\/xxviii-monografica-nacional-valladolid-2021-2\/\" style=\"color:#777777;\">\r\n\t\t\t\t\t\tXXVIII MONOGR\u00c1FICA NACIONAL VALLADOLID 2021\t\t\t\t\t\t<\/a> <\/h2>\r\n\t\t\t\t\t  \t\t\t\t\t  \t\t\t\t\t  MUY CACHORROS MACHOS1. LA MARTINA GOLD BULLS INDOMINUS REX2. BULLS CAMELOT HERCULES3. REMBOMBORY BOLT MUY CACHORROS\t\t\t\t\t<\/div>\r\n\t\t\t\t\t\t\t\t\t\t<span class=\"zolo_blog_meta\" style=\"color:#777777;\"> <span style=\"color:#016797;\">\r\n\t\t\t\t\t18 Ago 2022\t\t\t\t\t<\/span>&nbsp; \/ &nbsp;<span class=\"add-comment\"><a href=\"http:\/\/cebi-es.com\/web\/xxviii-monografica-nacional-valladolid-2021-2\/#hello\" style=\"color:#016797;\">\r\n\t\t\t\t\t0 Comment\t\t\t\t\t<\/a><\/span>&nbsp; \/ &nbsp;\r\n\t\t\t\t\t\t<span class=\"zilla_likes_box1\"> <a href=\"#\" class=\"zilla-likes\" id=\"zilla-likes-4102\" title=\"Like this\"><i class=\"fa fa-heart-o\"><\/i> <span class=\"zilla-likes-count\">3<\/span> <span class=\"zilla-likes-postfix\"><\/span><\/a>&nbsp; \/ &nbsp;<\/span>\t\t\t\t\t<a href=\"http:\/\/cebi-es.com\/web\/xxviii-monografica-nacional-valladolid-2021-2\/\" style=\"color:#016797;\">Read More<\/a> <\/span>\r\n\t\t\t\t\t\t\t\t\t  <\/div>\r\n\t\t\t\t  <\/span> <\/div>\r\n\t\t\t  <\/div>\r\n\t\t\t  <!--Blog Box Area End-->\r\n\t\t\t  \r\n\t\t\t  \t\t\t  \t\t\t  \t\t\t  \t\t\t  \t\t\t  \t\t\t  \t\t\t  \t\t\t                \r\n\t\t\t  \t\t\t  \t\t\t  \t\t\t  \t\t\t  \t\t\t  \t\t\t  \r\n\t\t\t  <!--Blog Box Area Start-->\r\n\t\t\t  <div class=\"zolo_blog_col zolo_blog_col2  grid-item  animated hiding\" style=\"padding:15px 15px 15px 15px;\" data-animation=\"fadeIn\" data-delay=\"500\">\r\n\t\t\t\t<div class=\"zolo_blog_box\"> <span class=\"zolo_blog_horizontal_box\">\r\n\t\t\t\t  <div class=\"zolo_blog_thumb\"> <a href=\"http:\/\/cebi-es.com\/web\/xxvii-monografica-nacional-valladolid\/\">\r\n\t\t\t\t\t<img width=\"700\" height=\"737\" src=\"http:\/\/cebi-es.com\/web\/wp-content\/uploads\/2020\/01\/monograficaNacional-700x737.jpeg\" class=\"attachment-apcore_blogstyle_thumb size-apcore_blogstyle_thumb wp-post-image\" alt=\"\" loading=\"lazy\" \/>\t\t\t\t\t<\/a>\r\n\t\t\t\t\t\t\t\t\t  <\/div>\r\n\t\t\t\t  <div class=\"zolo_blog_detail\" style=\"border-color:#e6e6e6;\">\r\n\t\t\t\t\t\t\t\t\t\t\t\t\t\t\t<div class=\"zolo_blog_description\" style=\"color:#777777; border-color:#e6e6e6; background:#f9f9f9;\">\r\n\t\t\t\t\t  \t\t\t\t\t  <h2 class=\"zolo_blog_title entry-title\" style=\"\"> <a href=\"http:\/\/cebi-es.com\/web\/xxvii-monografica-nacional-valladolid\/\" style=\"color:#777777;\">\r\n\t\t\t\t\t\tXXVII MONOGR\u00c1FICA NACIONAL VALLADOLID 2020\t\t\t\t\t\t<\/a> <\/h2>\r\n\t\t\t\t\t  \t\t\t\t\t  \t\t\t\t\t  MUY CACHORROS MACHOSMP 1: BULLS CAMELOT CRONOSMP2 : CAICOAS VICTORIO MUY CACHORROS HEMBRASMP 1: DOGSXLES GINA\t\t\t\t\t<\/div>\r\n\t\t\t\t\t\t\t\t\t\t<span class=\"zolo_blog_meta\" style=\"color:#777777;\"> <span style=\"color:#016797;\">\r\n\t\t\t\t\t2 Mar 2020\t\t\t\t\t<\/span>&nbsp; \/ &nbsp;<span class=\"add-comment\"><a href=\"http:\/\/cebi-es.com\/web\/xxvii-monografica-nacional-valladolid\/#hello\" style=\"color:#016797;\">\r\n\t\t\t\t\t0 Comment\t\t\t\t\t<\/a><\/span>&nbsp; \/ &nbsp;\r\n\t\t\t\t\t\t<span class=\"zilla_likes_box1\"> <a href=\"#\" class=\"zilla-likes\" id=\"zilla-likes-3605\" title=\"Like this\"><i class=\"fa fa-heart-o\"><\/i> <span class=\"zilla-likes-count\">3<\/span> <span class=\"zilla-likes-postfix\"><\/span><\/a>&nbsp; \/ &nbsp;<\/span>\t\t\t\t\t<a href=\"http:\/\/cebi-es.com\/web\/xxvii-monografica-nacional-valladolid\/\" style=\"color:#016797;\">Read More<\/a> <\/span>\r\n\t\t\t\t\t\t\t\t\t  <\/div>\r\n\t\t\t\t  <\/span> <\/div>\r\n\t\t\t  <\/div>\r\n\t\t\t  <!--Blog Box Area End-->\r\n\t\t\t  \r\n\t\t\t  \t\t\t  \t\t\t  \t\t\t  \t\t\t  \t\t\t  \t\t\t  \t\t\t  \t\t\t                \r\n\t\t\t  \t\t\t  \t\t\t  \t\t\t  \t\t\t  \t\t\t  \t\t\t  \r\n\t\t\t  <!--Blog Box Area Start-->\r\n\t\t\t  <div class=\"zolo_blog_col zolo_blog_col2  grid-item  animated hiding\" style=\"padding:15px 15px 15px 15px;\" data-animation=\"fadeIn\" data-delay=\"600\">\r\n\t\t\t\t<div class=\"zolo_blog_box\"> <span class=\"zolo_blog_horizontal_box\">\r\n\t\t\t\t  <div class=\"zolo_blog_thumb\"> <a href=\"http:\/\/cebi-es.com\/web\/monografica-territorial-de-asturias-2019\/\">\r\n\t\t\t\t\t<img width=\"700\" height=\"737\" src=\"http:\/\/cebi-es.com\/web\/wp-content\/uploads\/2019\/05\/57049190_2679348818748060_2780264010103128064_n-700x737.jpg\" class=\"attachment-apcore_blogstyle_thumb size-apcore_blogstyle_thumb wp-post-image\" alt=\"\" loading=\"lazy\" \/>\t\t\t\t\t<\/a>\r\n\t\t\t\t\t\t\t\t\t  <\/div>\r\n\t\t\t\t  <div class=\"zolo_blog_detail\" style=\"border-color:#e6e6e6;\">\r\n\t\t\t\t\t\t\t\t\t\t\t\t\t\t\t<div class=\"zolo_blog_description\" style=\"color:#777777; border-color:#e6e6e6; background:#f9f9f9;\">\r\n\t\t\t\t\t  \t\t\t\t\t  <h2 class=\"zolo_blog_title entry-title\" style=\"\"> <a href=\"http:\/\/cebi-es.com\/web\/monografica-territorial-de-asturias-2019\/\" style=\"color:#777777;\">\r\n\t\t\t\t\t\tMonogr\u00e1fica Territorial de Asturias 2019\t\t\t\t\t\t<\/a> <\/h2>\r\n\t\t\t\t\t  \t\t\t\t\t  \t\t\t\t\t  \t\t\t\t\t<\/div>\r\n\t\t\t\t\t\t\t\t\t\t<span class=\"zolo_blog_meta\" style=\"color:#777777;\"> <span style=\"color:#016797;\">\r\n\t\t\t\t\t6 Abr 2019\t\t\t\t\t<\/span>&nbsp; \/ &nbsp;<span class=\"add-comment\"><a href=\"http:\/\/cebi-es.com\/web\/monografica-territorial-de-asturias-2019\/#hello\" style=\"color:#016797;\">\r\n\t\t\t\t\t0 Comment\t\t\t\t\t<\/a><\/span>&nbsp; \/ &nbsp;\r\n\t\t\t\t\t\t<span class=\"zilla_likes_box1\"> <a href=\"#\" class=\"zilla-likes\" id=\"zilla-likes-2286\" title=\"Like this\"><i class=\"fa fa-heart-o\"><\/i> <span class=\"zilla-likes-count\">2<\/span> <span class=\"zilla-likes-postfix\"><\/span><\/a>&nbsp; \/ &nbsp;<\/span>\t\t\t\t\t<a href=\"http:\/\/cebi-es.com\/web\/monografica-territorial-de-asturias-2019\/\" style=\"color:#016797;\">Read More<\/a> <\/span>\r\n\t\t\t\t\t\t\t\t\t  <\/div>\r\n\t\t\t\t  <\/span> <\/div>\r\n\t\t\t  <\/div>\r\n\t\t\t  <!--Blog Box Area End-->\r\n\t\t\t  \r\n\t\t\t  \t\t\t  \t\t\t  \t\t\t  \t\t\t  \t\t\t  \t\t\t  \t\t\t  \t\t\t                \r\n\t\t\t  \t\t\t  \t\t\t  \t\t\t  \t\t\t  \t\t\t  \t\t\t  \r\n\t\t\t  <!--Blog Box Area Start-->\r\n\t\t\t  <div class=\"zolo_blog_col zolo_blog_col2  grid-item  animated hiding\" style=\"padding:15px 15px 15px 15px;\" data-animation=\"fadeIn\" data-delay=\"700\">\r\n\t\t\t\t<div class=\"zolo_blog_box\"> <span class=\"zolo_blog_horizontal_box\">\r\n\t\t\t\t  <div class=\"zolo_blog_thumb\"> <a href=\"http:\/\/cebi-es.com\/web\/xxvi-monografica-nacional-valladolid\/\">\r\n\t\t\t\t\t<img width=\"700\" height=\"737\" src=\"http:\/\/cebi-es.com\/web\/wp-content\/uploads\/2019\/05\/52793116_2614405751909034_3949601270557310976_n-700x737.jpg\" class=\"attachment-apcore_blogstyle_thumb size-apcore_blogstyle_thumb wp-post-image\" alt=\"\" loading=\"lazy\" \/>\t\t\t\t\t<\/a>\r\n\t\t\t\t\t\t\t\t\t  <\/div>\r\n\t\t\t\t  <div class=\"zolo_blog_detail\" style=\"border-color:#e6e6e6;\">\r\n\t\t\t\t\t\t\t\t\t\t\t\t\t\t\t<div class=\"zolo_blog_description\" style=\"color:#777777; border-color:#e6e6e6; background:#f9f9f9;\">\r\n\t\t\t\t\t  \t\t\t\t\t  <h2 class=\"zolo_blog_title entry-title\" style=\"\"> <a href=\"http:\/\/cebi-es.com\/web\/xxvi-monografica-nacional-valladolid\/\" style=\"color:#777777;\">\r\n\t\t\t\t\t\tXXVI MONOGR\u00c1FICA NACIONAL VALLADOLID 2019\t\t\t\t\t\t<\/a> <\/h2>\r\n\t\t\t\t\t  \t\t\t\t\t  \t\t\t\t\t  \t\t\t\t\t<\/div>\r\n\t\t\t\t\t\t\t\t\t\t<span class=\"zolo_blog_meta\" style=\"color:#777777;\"> <span style=\"color:#016797;\">\r\n\t\t\t\t\t23 Feb 2019\t\t\t\t\t<\/span>&nbsp; \/ &nbsp;<span class=\"add-comment\"><a href=\"http:\/\/cebi-es.com\/web\/xxvi-monografica-nacional-valladolid\/#hello\" style=\"color:#016797;\">\r\n\t\t\t\t\t0 Comment\t\t\t\t\t<\/a><\/span>&nbsp; \/ &nbsp;\r\n\t\t\t\t\t\t<span class=\"zilla_likes_box1\"> <a href=\"#\" class=\"zilla-likes\" id=\"zilla-likes-2313\" title=\"Like this\"><i class=\"fa fa-heart-o\"><\/i> <span class=\"zilla-likes-count\">3<\/span> <span class=\"zilla-likes-postfix\"><\/span><\/a>&nbsp; \/ &nbsp;<\/span>\t\t\t\t\t<a href=\"http:\/\/cebi-es.com\/web\/xxvi-monografica-nacional-valladolid\/\" style=\"color:#016797;\">Read More<\/a> <\/span>\r\n\t\t\t\t\t\t\t\t\t  <\/div>\r\n\t\t\t\t  <\/span> <\/div>\r\n\t\t\t  <\/div>\r\n\t\t\t  <!--Blog Box Area End-->\r\n\t\t\t  \r\n\t\t\t  \t\t\t  \t\t\t  \t\t\t  \t\t\t  \t\t\t  \t\t\t  \t\t\t  \t\t\t                \r\n\t\t\t  \t\t\t  \t\t\t  \t\t\t  \t\t\t  \t\t\t  \t\t\t  \r\n\t\t\t  <!--Blog Box Area Start-->\r\n\t\t\t  <div class=\"zolo_blog_col zolo_blog_col2 last grid-item  animated hiding\" style=\"padding:15px 15px 15px 15px;\" data-animation=\"fadeIn\" data-delay=\"800\">\r\n\t\t\t\t<div class=\"zolo_blog_box\"> <span class=\"zolo_blog_horizontal_box\">\r\n\t\t\t\t  <div class=\"zolo_blog_thumb\"> <a href=\"http:\/\/cebi-es.com\/web\/ii-capeonato-iberico-de-clubs\/\">\r\n\t\t\t\t\t<img width=\"700\" height=\"600\" src=\"http:\/\/cebi-es.com\/web\/wp-content\/uploads\/2019\/08\/18446711_1725608607455424_324225311039086572_n_1725608607455424-700x600.jpg\" class=\"attachment-apcore_blogstyle_thumb size-apcore_blogstyle_thumb wp-post-image\" alt=\"\" loading=\"lazy\" \/>\t\t\t\t\t<\/a>\r\n\t\t\t\t\t\t\t\t\t  <\/div>\r\n\t\t\t\t  <div class=\"zolo_blog_detail\" style=\"border-color:#e6e6e6;\">\r\n\t\t\t\t\t\t\t\t\t\t\t\t\t\t\t<div class=\"zolo_blog_description\" style=\"color:#777777; border-color:#e6e6e6; background:#f9f9f9;\">\r\n\t\t\t\t\t  \t\t\t\t\t  <h2 class=\"zolo_blog_title entry-title\" style=\"\"> <a href=\"http:\/\/cebi-es.com\/web\/ii-capeonato-iberico-de-clubs\/\" style=\"color:#777777;\">\r\n\t\t\t\t\t\tII CAPEONATO IB\u00c9RICO DE CLUBS\t\t\t\t\t\t<\/a> <\/h2>\r\n\t\t\t\t\t  \t\t\t\t\t  \t\t\t\t\t  Podium Trofeos CAMPE\u00d3N IB\u00c9RICO CACHORROGarcel Bull Alexander\u00a0 CAMPE\u00d3N IB\u00c9RICO JOVENYaresville Jackie'o Mystyle CAMPE\u00d3N IB\u00c9RICO ABSOLUTOCh. Ch.\t\t\t\t\t<\/div>\r\n\t\t\t\t\t\t\t\t\t\t<span class=\"zolo_blog_meta\" style=\"color:#777777;\"> <span style=\"color:#016797;\">\r\n\t\t\t\t\t5 May 2017\t\t\t\t\t<\/span>&nbsp; \/ &nbsp;<span class=\"add-comment\"><a href=\"http:\/\/cebi-es.com\/web\/ii-capeonato-iberico-de-clubs\/#hello\" style=\"color:#016797;\">\r\n\t\t\t\t\t0 Comment\t\t\t\t\t<\/a><\/span>&nbsp; \/ &nbsp;\r\n\t\t\t\t\t\t<span class=\"zilla_likes_box1\"> <a href=\"#\" class=\"zilla-likes\" id=\"zilla-likes-2830\" title=\"Like this\"><i class=\"fa fa-heart-o\"><\/i> <span class=\"zilla-likes-count\">0<\/span> <span class=\"zilla-likes-postfix\"><\/span><\/a>&nbsp; \/ &nbsp;<\/span>\t\t\t\t\t<a href=\"http:\/\/cebi-es.com\/web\/ii-capeonato-iberico-de-clubs\/\" style=\"color:#016797;\">Read More<\/a> <\/span>\r\n\t\t\t\t\t\t\t\t\t  <\/div>\r\n\t\t\t\t  <\/span> <\/div>\r\n\t\t\t  <\/div>\r\n\t\t\t  <!--Blog Box Area End-->\r\n\t\t\t  \r\n\t\t\t  \t\t\t  \t\t\t  \t\t\t  \t\t\t  \t\t\t  \t\t\t  \t\t\t  \t\t\t                \r\n\t\t\t  \t\t\t<\/div>\r\n\t\t  <\/div>\r\n\t\t  <!-- .navigation -->\r\n\t\t  \r\n\t\t  <ul class='page-numbers'>\n\t<li><span aria-current=\"page\" class=\"page-numbers current\">1<\/span><\/li>\n\t<li><a class=\"page-numbers\" href=\"http:\/\/cebi-es.com\/web\/wp-json\/wp\/v2\/pages\/1866\/page\/2\/\">2<\/a><\/li>\n\t<li><a class=\"next page-numbers\" href=\"http:\/\/cebi-es.com\/web\/wp-json\/wp\/v2\/pages\/1866\/page\/2\/\">><\/a><\/li>\n<\/ul>\n\t\t  \r\n\t\t  <!-- .navigation END --> \r\n\t\t<\/div>\r\n\r\n<\/div><\/div><\/div><\/div><div class=\"vc_row-full-width vc_clearfix\"><\/div>\n","protected":false},"excerpt":{"rendered":"Podium Trofeos CAMPE\u00d3N IB\u00c9RICO CACHORROGarcel Bull Alexander\u00a0 CAMPE\u00d3N IB\u00c9RICO JOVENYaresville Jackie'o Mystyle CAMPE\u00d3N IB\u00c9RICO ABSOLUTOCh. Ch. Jr. Destiny De Oro Graso CAMPEONES IB\u00c9RICOS DE CLUBS<span class=\"read_more_area\"><a class=\"read-more\" href=\"http:\/\/cebi-es.com\/web\/ii-capeonato-iberico-de-clubs\/\"> Continue Reading <\/a><\/span>","protected":false},"author":1,"featured_media":0,"parent":0,"menu_order":0,"comment_status":"closed","ping_status":"closed","template":"","meta":[],"_links":{"self":[{"href":"http:\/\/cebi-es.com\/web\/wp-json\/wp\/v2\/pages\/1866"}],"collection":[{"href":"http:\/\/cebi-es.com\/web\/wp-json\/wp\/v2\/pages"}],"about":[{"href":"http:\/\/cebi-es.com\/web\/wp-json\/wp\/v2\/types\/page"}],"author":[{"embeddable":true,"href":"http:\/\/cebi-es.com\/web\/wp-json\/wp\/v2\/users\/1"}],"replies":[{"embeddable":true,"href":"http:\/\/cebi-es.com\/web\/wp-json\/wp\/v2\/comments?post=1866"}],"version-history":[{"count":21,"href":"http:\/\/cebi-es.com\/web\/wp-json\/wp\/v2\/pages\/1866\/revisions"}],"predecessor-version":[{"id":4439,"href":"http:\/\/cebi-es.com\/web\/wp-json\/wp\/v2\/pages\/1866\/revisions\/4439"}],"wp:attachment":[{"href":"http:\/\/cebi-es.com\/web\/wp-json\/wp\/v2\/media?parent=1866"}],"curies":[{"name":"wp","href":"https:\/\/api.w.org\/{rel}","templated":true}]}}