{"id":1684,"date":"2019-05-04T00:13:28","date_gmt":"2019-05-03T22:13:28","guid":{"rendered":"http:\/\/cebi-es.com\/web\/?page_id=1684"},"modified":"2024-10-23T22:42:37","modified_gmt":"2024-10-23T20:42:37","slug":"recomendacion-de-cria","status":"publish","type":"page","link":"http:\/\/cebi-es.com\/web\/recomendacion-de-cria\/","title":{"rendered":"Recomendaci\u00f3n de Cr\u00eda"},"content":{"rendered":"<div data-row-text-color=\"dark\" style=\" \" class=\"vc_row wpb_row zolo_wpb_row vc_row-fluid apress_row_class_133851843769e2348d86ad4\"><div class=\"wpb_column vc_column_container vc_col-sm-12 apress_col_id_156056086269e2348d871d8 hover_style_none\"><div class=\"layer vc_column-inner \"  ><div class=\"wpb_wrapper\"><div id=\"zolo_sep_201626521369e2348d873be\" class=\"vc_separator wpb_content_element vc_separator_align_center vc_sep_width_70 vc_sep_border vc_sep_border_width_2 vc_sep_pos_align_center noanimation\" data-animation = \"No Animation\" data-delay = \"500\" ><span class=\"vc_sep_holder vc_sep_holder_l\"><span style=\"border-color:#701f6e\" class=\"vc_sep_line\"><\/span><\/span><h2 class=\"zolo-separator-title \" style=\"font-family:Arbutus Slab; font-weight:400; font-style:normal; font-size: 25px; color:#701f6e; letter-spacing: 2px; font-style:italic; font-weight:bold; \">RECOMENDACI\u00d3N DE CR\u00cdA<\/h2><span class=\"vc_sep_holder vc_sep_holder_r\"><span style=\"border-color:#701f6e\" class=\"vc_sep_line\"><\/span><\/span>\r\n<\/div><\/div><\/div><\/div><\/div><div data-row-text-color=\"dark\" style=\" \" class=\"vc_row wpb_row zolo_wpb_row vc_row-fluid apress_row_class_107287358069e2348d884a9\"><div class=\"wpb_column vc_column_container vc_col-sm-12 apress_col_id_67013128069e2348d8874a hover_style_none\"><div class=\"layer vc_column-inner \"  ><div class=\"wpb_wrapper\">\n\t<div class=\"wpb_text_column wpb_content_element \" >\n\t\t<div class=\"wpb_wrapper\">\n\t\t\t<div id=\"wb_Text1\">\n<div>\n<p>Cualquier persona que pertenezca al CEBI y que desee criar ejemplares de la raza bulldog ingl\u00e9s debe poseer un afijo reconocido por la RSCE y\/o la FCI. En el caso de un afijo conjunto, ambos miembros deber\u00e1n ser socios del Club y al d\u00eda de pagos.<\/p>\n<p>&nbsp;<\/p>\n<p>Debe comprometerse a cumplir las siguientes Recomendaciones de Cr\u00eda:<\/p>\n<ul>\n<li>Respetar el conjunto de los reglamentos dentro del marco de la Real Sociedad Canina de Espa\u00f1a.<\/li>\n<li>No formar parte de una asociaci\u00f3n canina que gestione un Libro de Or\u00edgenes que no sea el Libro de Or\u00edgenes de Espa\u00f1a llevado por la Real Sociedad Canina de Espa\u00f1a.<\/li>\n<li>Respetar a los organizadores, jueces y participantes en las exposiciones o eventos, en las que se deber\u00e1 tener una actitud correcta.<\/li>\n<li>Utilizar para la reproducci\u00f3n s\u00f3lo perros con Pedigr\u00ed de la Federaci\u00f3n Cinol\u00f3gica Internacional, o de asociaciones caninas nacionales reconocidas por la misma (Kennel Club, American Kennel Club\u2026).<\/li>\n<li>No aceptar hacer una monta con una perra que est\u00e9 inscrita en alguna asociaci\u00f3n no reconocida por la FCI<\/li>\n<\/ul>\n<p>&nbsp;<\/p>\n<p>Todos los reproductores, sean machos o hembras deben tener:<\/p>\n<ul>\n<li>Inscripci\u00f3n en el LOE.<\/li>\n<li>Identificaci\u00f3n por ADN, de un centro colaborador de la RSCE.<\/li>\n<li>Un buen estado de Salud General, evitando la reproducci\u00f3n con ejemplares con problemas<\/li>\n<li>respiratorios, articulares, dermatol\u00f3gicos, oculares, de car\u00e1cter y\/o cualquier otro hereditario.<\/li>\n<li>Ser una persona responsable y con disponibilidad de tiempo para la cr\u00eda.<\/li>\n<li>No criar con hembras menores de 18 meses ni con las que superen los 7 a\u00f1os de edad<\/li>\n<li>No sobrepasar tres camadas en un per\u00edodo de dos a\u00f1os.<\/li>\n<li>No practicar m\u00e1s de 3 ces\u00e1reas a cada hembra, fomentar el parto natural.<\/li>\n<li>Las condiciones de cr\u00eda de cachorros y de residencia de perros adultos deben cumplir unos espacios m\u00ednimos que cumplan condiciones de luz, ventilaci\u00f3n y temperatura saludables para el correcto desarrollo y vida de los bulldogs.<\/li>\n<li>Nunca utilizar para reproducci\u00f3n perros nacidos con malformaciones o con defectos cong\u00e9nitos.<\/li>\n<li>No someter a los animales a dopaje u hormonaci\u00f3n que induzcan a errores en su valor como sementales, ni a utilizar productos que perjudiquen su bienestar para disimular posibles defectos del ejemplar en relaci\u00f3n al est\u00e1ndar.<\/li>\n<li>No vender cachorros a centros, entidades o laboratorios que utilicen los animales para la experimentaci\u00f3n.<\/li>\n<li>Los cachorros deber\u00e1n ser vendidos con una edad superior a los dos meses, con una dosis de vacunaci\u00f3n como m\u00ednimo y ser\u00eda recomendable dos, entregando la cartilla sanitaria al d\u00eda<\/li>\n<li>El cachorro debe ser reconocido por un veterinario que certifique el buen estado de salud en las 24-48 h. antes de la entrega evit\u00e1ndose de esta manera al criador posibles reclamaciones.<\/li>\n<li>Compromiso de garant\u00eda que deber\u00e1 cubrir cualquier tipo de infecci\u00f3n infecto-contagiosa y de enfermedades gen\u00e9ticas como m\u00ednimo por el plazo que marque la legislaci\u00f3n vigente.<\/li>\n<li>Informar al comprador de la existencia y del trabajo del Club y enviarle un formulario de inscripci\u00f3n.<\/li>\n<\/ul>\n<p>&nbsp;<\/p>\n<p><strong>Compromisos del Club Espa\u00f1ol del Bulldog Ingl\u00e9s: <\/strong><\/p>\n<ul>\n<li>El Club podr\u00e1 a disposici\u00f3n de los socios criadores la posibilidad de obtener una <strong>\u201cCertificaci\u00f3n de Cr\u00eda de Calidad\u201d,<\/strong> para \u00e9sta se deben cumplir unos criterios objetivos de salud y de condiciones de crianza que ser\u00e1n definidos y aprobados por una comisi\u00f3n que incluya especialistas en salud de la raza, \u00e9stos incluir\u00e1n pruebas de aptitud para la cr\u00eda, que podr\u00e1n ser ofrecidos progresivamente desde el propio Club para aquellos criadores que lo requieran. Esta Certificaci\u00f3n puede dar un mayor reconocimiento a aquellos que la quieran realizar pero no ser\u00e1 obligatoria.<\/li>\n<li>El Club se compromete a asesorar, orientar y ofrecer informaci\u00f3n acerca de servicios especializados que puedan requerir los socios siempre que sean para cumplir las recomendaciones de cr\u00eda y salud de la raza, as\u00ed como para los que deseen realizar una \u201cCertificaci\u00f3n de Cr\u00eda de Calidad\u201d.<\/li>\n<li>El Club se compromete a anunciar en su web de forma gratuita informaci\u00f3n acerca de camadas y cachorros disponibles de todos los criadores socios que lo soliciten y cumplimenten una hoja de informaci\u00f3n b\u00e1sica.<\/li>\n<li>El Club se compromete a anunciar una lista de reproductores disponibles (propiedad de los socios del club), tras abonar una cuota m\u00ednima anual y cumplimentar una hoja de informaci\u00f3n b\u00e1sica del semental, en la que se podr\u00e1n incluir aquellas pruebas de salud reconocidas como validas.<\/li>\n<li>El Club ofrecer\u00e1 en su web un apartado de \u201cCriadores Registrados que se comprometen a cumplir las Recomendaciones de Cr\u00eda\u201d abonando una cuota m\u00ednima anual.<\/li>\n<li>El Club se compromete a velar por el cumplimiento de estas recomendaciones pudiendo someter a sanciones a aquellos que las incumplan poniendo en riesgo la salud y fomento de la raza.<\/li>\n<\/ul>\n<\/div>\n<\/div>\n\n\t\t<\/div>\n\t<\/div>\n<\/div><\/div><\/div><\/div>\n","protected":false},"excerpt":{"rendered":"RECOMENDACI\u00d3N DE CR\u00cdA Cualquier persona que pertenezca al CEBI y que desee criar ejemplares de la raza bulldog ingl\u00e9s debe poseer un afijo reconocido por la RSCE y\/o la FCI. En el caso de un afijo conjunto, ambos miembros deber\u00e1n<span class=\"read_more_area\"><a class=\"read-more\" href=\"http:\/\/cebi-es.com\/web\/recomendacion-de-cria\/\"> Continue Reading <\/a><\/span>","protected":false},"author":1,"featured_media":0,"parent":0,"menu_order":0,"comment_status":"closed","ping_status":"closed","template":"","meta":[],"_links":{"self":[{"href":"http:\/\/cebi-es.com\/web\/wp-json\/wp\/v2\/pages\/1684"}],"collection":[{"href":"http:\/\/cebi-es.com\/web\/wp-json\/wp\/v2\/pages"}],"about":[{"href":"http:\/\/cebi-es.com\/web\/wp-json\/wp\/v2\/types\/page"}],"author":[{"embeddable":true,"href":"http:\/\/cebi-es.com\/web\/wp-json\/wp\/v2\/users\/1"}],"replies":[{"embeddable":true,"href":"http:\/\/cebi-es.com\/web\/wp-json\/wp\/v2\/comments?post=1684"}],"version-history":[{"count":6,"href":"http:\/\/cebi-es.com\/web\/wp-json\/wp\/v2\/pages\/1684\/revisions"}],"predecessor-version":[{"id":4390,"href":"http:\/\/cebi-es.com\/web\/wp-json\/wp\/v2\/pages\/1684\/revisions\/4390"}],"wp:attachment":[{"href":"http:\/\/cebi-es.com\/web\/wp-json\/wp\/v2\/media?parent=1684"}],"curies":[{"name":"wp","href":"https:\/\/api.w.org\/{rel}","templated":true}]}}